242.
2, 41, 83, 107
What are the prime factors of 138393?
3, 15377
What are the prime factors of 39759?
3, 29, 457
List the prime factors of 3304198.
2, 71, 23269
What are the prime factors of 11086535?
5, 463, 4789
What are the prime factors of 53848?
2, 53, 127
List the prime factors of 3745968.
2, 3, 78041
What are the prime factors of 366414?
2, 3, 173, 353
What are the prime factors of 919010?
2, 5, 29, 3169
List the prime factors of 2214216.
2, 3, 17, 67
What are the prime factors of 385995?
3, 5, 25733
What are the prime factors of 91072?
2, 1423
List the prime factors of 974648.
2, 23, 5297
What are the prime factors of 502292?
2, 7, 17939
What are the prime factors of 5097575?
5, 7, 29129
List the prime factors of 298740.
2, 3, 5, 13, 383
What are the prime factors of 2266354?
2, 1133177
List the prime factors of 377536.
2, 17, 347
What are the prime factors of 10134803?
7, 773, 1873
List the prime factors of 10267445.
5, 1433
What are the prime factors of 528184?
2, 103, 641
What are the prime factors of 3162172?
2, 13, 60811
What are the prime factors of 1440441?
3, 160049
What are the prime factors of 1357378?
2, 11, 71, 79
List the prime factors of 41089.
17, 2417
List the prime factors of 59356.
2, 11, 19, 71
What are the prime factors of 1932572?
2, 83, 5821
List the prime factors of 14594590.
2, 5, 929, 1571
List the prime factors of 836392.
2, 104549
What are the prime factors of 27529958?
2, 97, 141907
What are the prime factors of 752331?
3, 250777
List the prime factors of 514274.
2, 47, 5471
List the prime factors of 3271573.
163, 20071
List the prime factors of 159234.
2, 3, 26539
What are the prime factors of 461053?
461053
What are the prime factors of 635664?
2, 3, 17, 19, 41
What are the prime factors of 1885846?
2, 53, 17791
What are the prime factors of 588718?
2, 13, 22643
What are the prime factors of 1038799?
163, 6373
List the prime factors of 333286.
2, 166643
List the prime factors of 146192.
2, 9137
List the prime factors of 455344.
2, 149, 191
What are the prime factors of 996708?
2, 3, 83059
List the prime factors of 1420897.
59, 24083
List the prime factors of 359795.
5, 227, 317
List the prime factors of 162665.
5, 32533
What are the prime factors of 1275621?
3, 425207
List the prime factors of 3032373.
3, 1010791
What are the prime factors of 1364087?
487, 2801
List the prime factors of 955372.
2, 11, 21713
List the prime factors of 118367.
41, 2887
List the prime factors of 22227602.
2, 17, 37, 17669
What are the prime factors of 1146482?
2, 37, 15493
What are the prime factors of 1945673?
1945673
List the prime factors of 705658.
2, 47, 7507
What are the prime factors of 2786557?
1483, 1879
What are the prime factors of 5069173?
89, 56957
List the prime factors of 5833804.
2, 877, 1663
What are the prime factors of 18182163?
3, 17, 43, 8291
List the prime factors of 57638.
2, 7, 23, 179
List the prime factors of 7663223.
7663223
List the prime factors of 584754.
2, 3, 97459
What are the prime factors of 351003?
3, 23, 5087
What are the prime factors of 2437433?
101, 24133
What are the prime factors of 337094?
2, 31, 5437
What are the prime factors of 118607?
83, 1429
What are the prime factors of 3532525?
5, 141301
List the prime factors of 1346344.
2, 168293
What are the prime factors of 1104044?
2, 276011
What are the prime factors of 428918?
2, 7, 30637
List the prime factors of 4170287.
11, 17, 29, 769
What are the prime factors of 5114509?
5114509
What are the prime factors of 2702672?
2, 7, 59, 409
What are the prime factors of 10462048?
2, 326939
What are the prime factors of 17550051?
3, 227, 25771
What are the prime factors of 1542118?
2, 431, 1789
What are the prime factors of 256050?
2, 3, 5, 569
What are the prime factors of 1421835?
3, 5, 94789
List the prime factors of 2846314.
2, 19, 74903
What are the prime factors of 17005529?
41, 414769
List the prime factors of 14342076.
2, 3, 7, 61, 311
List the prime factors of 146350.
2, 5, 2927
List the prime factors of 25772583.
3, 1373, 6257
What are the prime factors of 3000572?
2, 29, 25867
List the prime factors of 24143807.
24143807
List the prime factors of 769964.
2, 13, 17, 67
List the prime factors of 2430543.
3, 71, 11411
What are the prime factors of 6781242?
2, 3, 13, 86939
List the prime factors of 7816411.
43, 181777
What are the prime factors of 83420?
2, 5, 43, 97
List the prime factors of 18752557.
1487, 12611
List the prime factors of 264465.
3, 5, 653
List the prime factors of 982569.
3, 7, 71, 659
List the prime factors of 15626136.
2, 3, 37, 17597
What are the prime factors of 565045?
5, 13, 8693
List the prime factors of 277846.
2, 138923
List the prime factors of 3212873.
47, 197, 347
What are the prime factors of 363168?
2, 3, 13, 97
List the prime factors of 241129.
7, 19, 37
List the prime factors of 367832.
2, 45979
What are the prime factors of 264209?
11, 24019
List the prime factors of 4164941.
11, 34421
List the prime factors of 693345.
3, 5, 17, 2719
List the prime factors of 830261.
461, 1801
List the prime factors of 12350330.
2, 5, 17, 72649
List the prime factors of 4257900.
2, 3, 5, 19, 83
List the prime factors of 4354678.
2, 37, 83, 709
List the prime factors of 915649.
7, 130807
What are the prime factors of 160333?
23, 6971
List the prime factors of 5383153.
719, 7487
List the prime factors of 160098.
2, 3, 26683
List the prime factors of 115306.
2, 57653
List the prime factors of 123573.
3, 17, 2423
What are the prime factors of 516825?
3, 5, 2297
List the prime factors of 646805.
5, 129361
List the prime factors of 4078225.
5, 163129
List the prime factors of 1589560.
2, 5, 7, 811
List the prime factors of 20808517.
43, 277, 1747
What are the prime factors of 24615948?
2, 3, 7, 131, 2237
List the prime factors of 1526085.
3, 5, 11, 3083
List the prime factors of 253808.
2, 29, 547
List the prime factors of 862194.
2, 3, 143699
List the prime factors of 21581966.
2, 7, 89, 17321
List the prime factors of 899036.
2, 224759
List the prime factors of 410219.
37, 11087
What are the prime factors of 1672165?
5, 11, 30403
What are the prime factors of 680189?
680189
List the prime factors of 16703392.
2, 521981
List the prime factors of 47055.
3, 5, 3137
What are the prime factors of 1554691?
241, 6451
What are the prime factors of 149148?
2, 3, 1381
What are the prime factors of 2259857?
241, 9377
List the prime factors of 66901.
149, 449
List the prime factors of 191049.
3, 43, 1481
What are the prime factors of 318068?
2, 131, 607
What are the prime factors of 511510?
2, 5, 51151
List the prime factors of 77222.
2, 38611
List the prime factors of 594222.
2, 3, 97, 1021
List the prime factors of 1041102.
2, 3, 57839
What are the prime factors of 29470?
2, 5, 7, 421
List the prime factors of 1057208.
2, 132151
What are the prime factors of 4763260?
2, 5, 238163
What are the prime factors of 64080?
2, 3, 5, 89
What are the prime factors of 10775741?
71, 151771
List the prime factors of 767714.
2, 19, 89, 227
List the prime factors of 1852246.
2, 11, 59, 1427
List the prime factors of 1870749.
3, 193, 359
What are the prime factors of 484005?
3, 5, 41, 787
What are the prime factors of 475249?
23, 20663
List the prime factors of 985360.
2, 5, 109, 113
What are the prime factors of 560382?
2, 3, 59, 1583
List the prime factors of 1427905.
5, 347, 823
List the prime factors of 2114231.
7, 31, 9743
List the prime factors of 829375.
5, 1327
List the prime factors of 1999786.
2, 71, 14083
What are the prime factors of 1215873?
3, 53, 2549
List the prime factors of 6842631.
3, 281, 8117
What are the prime factors of 727448?
2, 90931
What are the prime factors of 108135?
3, 5, 89
What are the prime factors of 11107266?
2, 3, 397, 4663
List the prime factors of 67770.
2, 3, 5, 251
List the prime factors of 211860.
2, 3, 5, 11, 107
List the prime factors of 16208457.
3, 5402819
What are the prime factors of 1049887?
29, 41, 883
What are the prime factors of 143043?
3, 47681
What are the prime factors of 25749?
3, 2861
List the prime factors of 211636.
2, 157, 337
What are the prime factors of 535962?
2, 3, 7, 1823
What are the prime factors of 1824574?
2, 912287
List the prime factors of 257756.
2, 64439
List the p